 factors of 8672.
2, 271
List the prime factors of 77347.
77347
What are the prime factors of 42934?
2, 21467
What are the prime factors of 2011?
2011
List the prime factors of 308.
2, 7, 11
What are the prime factors of 97504?
2, 11, 277
What are the prime factors of 74653?
74653
List the prime factors of 1022.
2, 7, 73
List the prime factors of 2214.
2, 3, 41
What are the prime factors of 2146?
2, 29, 37
What are the prime factors of 1313?
13, 101
List the prime factors of 72587.
29, 2503
List the prime factors of 44352.
2, 3, 7, 11
List the prime factors of 82326.
2, 3, 13721
List the prime factors of 2988.
2, 3, 83
What are the prime factors of 25094?
2, 12547
List the prime factors of 971.
971
List the prime factors of 974.
2, 487
What are the prime factors of 1397?
11, 127
What are the prime factors of 17103?
3, 5701
List the prime factors of 1613.
1613
What are the prime factors of 1957?
19, 103
List the prime factors of 2020.
2, 5, 101
What are the prime factors of 2061?
3, 229
What are the prime factors of 17904?
2, 3, 373
What are the prime factors of 5351?
5351
What are the prime factors of 1797?
3, 599
List the prime factors of 35832.
2, 3, 1493
List the prime factors of 1022.
2, 7, 73
What are the prime factors of 16304?
2, 1019
What are the prime factors of 1221?
3, 11, 37
What are the prime factors of 21589?
21589
What are the prime factors of 70777?
7, 10111
List the prime factors of 48866.
2, 53, 461
List the prime factors of 6004.
2, 19, 79
List the prime factors of 1811.
1811
What are the prime factors of 6040?
2, 5, 151
List the prime factors of 1103.
1103
List the prime factors of 124329.
3, 41443
What are the prime factors of 1858?
2, 929
List the prime factors of 24990.
2, 3, 5, 7, 17
What are the prime factors of 1979?
1979
List the prime factors of 19867.
19867
List the prime factors of 130667.
41, 3187
List the prime factors of 4307.
59, 73
List the prime factors of 10628.
2, 2657
What are the prime factors of 66004?
2, 29, 569
List the prime factors of 4965.
3, 5, 331
What are the prime factors of 1162?
2, 7, 83
List the prime factors of 1829.
31, 59
List the prime factors of 170140.
2, 5, 47, 181
List the prime factors of 159.
3, 53
List the prime factors of 135556.
2, 33889
What are the prime factors of 106908?
2, 3, 59, 151
List the prime factors of 1602.
2, 3, 89
What are the prime factors of 76368?
2, 3, 37, 43
What are the prime factors of 4754?
2, 2377
What are the prime factors of 2580?
2, 3, 5, 43
List the prime factors of 8558.
2, 11, 389
What are the prime factors of 11218?
2, 71, 79
List the prime factors of 190641.
3, 11, 53, 109
List the prime factors of 3705.
3, 5, 13, 19
List the prime factors of 673.
673
List the prime factors of 877.
877
List the prime factors of 6002.
2, 3001
What are the prime factors of 557?
557
List the prime factors of 657.
3, 73
List the prime factors of 14049.
3, 7, 223
List the prime factors of 3839.
11, 349
List the prime factors of 1065.
3, 5, 71
List the prime factors of 45388.
2, 7, 1621
List the prime factors of 135410.
2, 5, 11, 1231
What are the prime factors of 9353?
47, 199
What are the prime factors of 69471?
3, 31, 83
What are the prime factors of 9529?
13, 733
What are the prime factors of 3682?
2, 7, 263
List the prime factors of 35.
5, 7
List the prime factors of 2395.
5, 479
What are the prime factors of 2010?
2, 3, 5, 67
List the prime factors of 1801.
1801
List the prime factors of 4809.
3, 7, 229
What are the prime factors of 21497?
7, 37, 83
What are the prime factors of 2236?
2, 13, 43
List the prime factors of 3838.
2, 19, 101
What are the prime factors of 1530?
2, 3, 5, 17
What are the prime factors of 128934?
2, 3, 13, 19, 29
What are the prime factors of 4376?
2, 547
What are the prime factors of 4725?
3, 5, 7
What are the prime factors of 36693?
3, 151
What are the prime factors of 8946?
2, 3, 7, 71
What are the prime factors of 1536?
2, 3
List the prime factors of 816.
2, 3, 17
What are the prime factors of 37425?
3, 5, 499
List the prime factors of 15448.
2, 1931
What are the prime factors of 22979?
11, 2089
What are the prime factors of 48909?
3, 7, 17, 137
List the prime factors of 84850.
2, 5, 1697
What are the prime factors of 1897?
7, 271
List the prime factors of 22131.
3, 2459
What are the prime factors of 711?
3, 79
List the prime factors of 1261.
13, 97
List the prime factors of 4371.
3, 31, 47
List the prime factors of 348.
2, 3, 29
What are the prime factors of 159748?
2, 39937
List the prime factors of 2645.
5, 23
List the prime factors of 72618.
2, 3, 7, 13, 19
What are the prime factors of 3646?
2, 1823
What are the prime factors of 57?
3, 19
What are the prime factors of 719?
719
List the prime factors of 4927.
13, 379
List the prime factors of 557.
557
List the prime factors of 3181.
3181
List the prime factors of 2903.
2903
List the prime factors of 1298.
2, 11, 59
What are the prime factors of 694?
2, 347
What are the prime factors of 7916?
2, 1979
What are the prime factors of 1929?
3, 643
What are the prime factors of 107606?
2, 173, 311
List the prime factors of 9390.
2, 3, 5, 313
List the prime factors of 1295.
5, 7, 37
List the prime factors of 15887.
15887
What are the prime factors of 575?
5, 23
What are the prime factors of 17417?
17417
What are the prime factors of 20762?
2, 7, 1483
List the prime factors of 1609.
1609
List the prime factors of 3844.
2, 31
List the prime factors of 1912.
2, 239
What are the prime factors of 3484?
2, 13, 67
List the prime factors of 25072.
2, 1567
List the prime factors of 11001.
3, 19, 193
What are the prime factors of 1559?
1559
List the prime factors of 11669.
7, 1667
List the prime factors of 12023.
11, 1093
List the prime factors of 87612.
2, 3, 7, 149
What are the prime factors of 4443?
3, 1481
What are the prime factors of 12267?
3, 29, 47
What are the prime factors of 6967?
6967
List the prime factors of 574.
2, 7, 41
What are the prime factors of 43151?
43151
What are the prime factors of 787?
787
List the prime factors of 753.
3, 251
What are the prime factors of 3947?
3947
What are the prime factors of 36086?
2, 18043
What are the prime factors of 4028?
2, 19, 53
What are the prime factors of 3678?
2, 3, 613
List the prime factors of 81079.
89, 911
What are the prime factors of 1905?
3, 5, 127
What are the prime factors of 47?
47
List the prime factors of 35787.
3, 79, 151
What are the prime factors of 18786?
2, 3, 31, 101
What are the prime factors of 128407?
73, 1759
What are the prime factors of 41888?
2, 7, 11, 17
List the prime factors of 9369.
3, 347
What are the prime factors of 6910?
2, 5, 691
What are the prime factors of 4891?
67, 73
List the prime factors of 11302.
2, 5651
List the prime factors of 13092.
2, 3, 1091
List the prime factors of 3178.
2, 7, 227
What are the prime factors of 9569?
7, 1367
List the prime factors of 9972.
2, 3, 277
List the prime factors of 834.
2, 3, 139
What are the prime factors of 1464?
2, 3, 61
List the prime factors of 17795.
5, 3559
List the prime factors of 4294.
2, 19, 113
List the prime factors of 46992.
2, 3, 11, 89
What are the prime factors of 736?
2, 23
List the prime factors of 12567.
3, 59, 71
What are the prime factors of 12800?
2, 5
List the prime factors of 2229.
3, 743
What are the prime factors of 58?
2, 29
List the prime factors of 28832.
2, 17, 53
List the prime factors of 35.
5, 7
What are the prime factors of 3993?
3, 11
List the prime factors of 24220.
2, 5, 7, 173
List the prime factors of 2278.
2, 17, 67
List the prime factors of 8077.
41, 197
What are the prime factors of 33131?
7, 4733
What are the prime factors of 107540?
2, 5, 19, 283
List the prime factors of 22522.
2, 11261
List the prime factors of 11871.
3, 1319
List the prime factors of 215.
5, 43
List the prime factors of 2015.
5, 13, 31
What are the prime factors of 37392?
2, 3, 19, 41
List the prime factors of 46967.
67, 701
What are the prime factors of 24805?
5, 11, 41
What are the prime factors of 13916?
2, 7, 71
What are the prime factors of 1326?
2, 3, 13, 17
What are the prime factors of 23086?
2, 7, 17, 97
List the prime factors of 1137.
3, 379
What are the prime factors of 12736?
2, 199
List the prime factors of 581.
7, 83
What are the pri